ppose -d*x = -0*x - 1865. Is x a composite number?
False
Let u(n) = 765*n - 21. Let v be u(12). Suppose -2*b + v = 2873. Is b composite?
True
Let b = 33340 + -22059. Is b composite?
True
Suppose -6*b + 18 = 3*b. Suppose m + 2*i - 168 = 313, -4*m = b*i - 1954. Is m composite?
False
Let n = 18 - 14. Let m(a) = -a + 11. Let i be m(9). Suppose o - 145 = -n*d, i*o + d = 405 - 115. Is o a prime number?
False
Suppose 13748 = 11*f - 7*f - 4*n, 2*f - 6874 = 3*n. Is f prime?
False
Let k be 48 - (0 + 2 + 0). Suppose -4*n = -94 - k. Is (-290)/4*(-28)/n composite?
True
Suppose 3*i + 3*g = 57, 4*i - 4*g + 0*g = 44. Let u be (-17 + i)*(-2 + 0). Suppose u*f - 35 - 561 = 0. Is f composite?
False
Let z(o) = -38*o**3 + 3*o**2 - 2*o. Let t be z(2). Is ((-49)/28)/(2/t) composite?
True
Suppose 4*i + 4*w + 12 = 0, -2*i + 2*w - 15 = 7*w. Suppose 2*m = -2*m + 892. Suppose i*q = -q + m. Is q a prime number?
True
Suppose -3 = c + 64. Let m = -14 - c. Is m a prime number?
True
Let p(r) = 687*r - 353. Is p(16) composite?
False
Let o be (-1293)/(-5) - 6/(-15). Let b be (-8)/(8/(-12)*3). Suppose t = -b*f + 411, -5*f = -2*t - 258 - o. Is f prime?
True
Let g(z) = z + 9. Let o be g(-9). Suppose 5*d + o*d + 770 = 5*s, -15 = 3*d. Is s a prime number?
True
Suppose 4*y - 3 = j - y, -4*j = -5*y - 18. Suppose -2164 - 1455 = -j*d. Is d composite?
True
Let k(p) = -4*p**3 + 3*p**2 - 24*p + 10. Is k(-9) composite?
True
Let k be (20/16)/((-1)/(-4)). Suppose v - 3*v - 84 = -3*c, c = -k*v - 193. Let r = v + 302. Is r a prime number?
True
Suppose 5*t = -5*v + 45, 4*v + 2*t - 12 - 16 = 0. Let u(m) = 9*m**2 - 2*m + 3. Let x be u(-3). Suppose r - x = v. Is r composite?
True
Suppose -16*x = -21*x - 5*h - 2440, 2*h - 10 = 0. Let z = 1990 + -1190. Let u = x + z. Is u composite?
False
Suppose 0 = a + 2*u + 170, -852 = 5*a + 5*u - 27. Let m = 445 + a. Is 7/14 - m/(-2) prime?
False
Suppose s + 2570 = 6516. Is s composite?
True
Suppose 3*a - 40100 = -r + 8628, r - a - 48732 = 0. Is r composite?
False
Let f(k) = 5*k**2 + 9*k + 55. Is f(-27) composite?
False
Suppose 8*a = 12*a - 1820. Suppose 6430 = 5*r + a. Is r a composite number?
True
Suppose 50*j - 340518 + 28368 = 0. Is j prime?
False
Let g = 118 + -124. Is (-103)/(-2) + (-6)/(18 + g) a prime number?
False
Let v(s) = s + 3. Let t be v(-3). Suppose 0 = -2*d - t*d. Suppose 61 = 2*h - y, d = h + 2*y - y - 32. Is h composite?
False
Suppose -96 = -4*p + 76. Is p prime?
True
Is (-1)/(-3 + 0) - 29548/(-267) prime?
False
Suppose -3*t + 5546 = 5*r, -2*r + 2237 = -11*t + 6*t. Is r a composite number?
True
Let b = -1606 - -11635. Is b prime?
False
Suppose 2*b + 1 + 17 = 0. Let a(g) = -g**3 - 6*g**2 + 5*g + 13. Is a(b) a prime number?
True
Suppose -d + 3*u = -11, -d + 4 = 4*u + 7. Suppose 2*q + d = 17. Suppose 2*b + 2*x - 266 = q*x, -5*b + 3*x + 644 = 0. Is b a composite number?
False
Let z be (1/3)/(4/(-204)). Is ((-44)/4)/(1/z) composite?
True
Let p(q) = 5*q + 45. Let x be p(19). Suppose 4*c = x - 36. Is c composite?
True
Suppose 2*m + 10 = 0, 3*h - 1 = -4*m - 39. Is (-4)/2*447/h a composite number?
False
Let z(m) = -26*m - 3. Let q(s) = s**3 - 10*s**2 - s - 6. Let d be q(10). Is z(d) prime?
False
Let g = 28975 - -8890. Is g composite?
True
Let d(r) = 44948*r**2 - 5*r - 6. Is d(-1) a prime number?
False
Let m(n) = 461*n**3 - 2*n**2 - 15*n + 16. Let q be m(1). Let b = 7 + -4. Suppose -2*j + 10 = 0, 2*d = b*j - j + q. Is d composite?
True
Let h = 4468 - 2985. Let n = h + -606. Is n a composite number?
False
Let l(m) = 2*m**3 + 3*m**2 + m + 7039. Is l(0) prime?
True
Suppose -z = -484 - 573. Let x = z + -416. Is x composite?
False
Let q be (-8)/2 - (-4 + -2). Let f be (3225/(-6))/(-5)*q. Let j = -126 + f. Is j a prime number?
True
Suppose -b - 4*l + 2 - 9 = 0, 39 = -3*b - 3*l. Let g be (-36)/b + 6/(-15). Suppose 2*o + 43 = p, 0 = g*p + p + 5*o - 173. Is p a composite number?
True
Suppose -4 = 3*q - m, 2*q + m - 1 - 3 = 0. Suppose q = -2*d + 109 + 145. Is d a composite number?
False
Let d(q) = 7*q**3 - q - 1. Let n be d(2). Let m(b) = b**2 + 7*b - 19. Let i be m(-14). Suppose 0*c + c = 3*u - n, -5*u + 4*c = -i. Is u a prime number?
True
Is 1184520/200 - (-2)/5 composite?
False
Let v be 30 - (-1)/((-3)/9). Let q = -8 + v. Suppose -2*z = -z - q. Is z a prime number?
True
Is 33279 + 14*16/28 a composite number?
False
Suppose -4*u - 15 = -u. Suppose 913*p - 4 = 917*p. Is p/u + 4216/20 prime?
True
Suppose 0 = b - 4*m - 3097, -8*m = -7*m - 3. Is b a prime number?
True
Let g = -1107 - -1927. Let i = g + -186. Let z = 1041 - i. Is z prime?
False
Let n(m) = -m**3 + 14*m**2 - 13*m. Suppose -5*r = -u - 12, -5*r + 2 = -23. Let s be n(u). Is 22 + s + -1 + 2 composite?
False
Is 24/32*63064/6 a composite number?
False
Let c(d) = 9*d**2 - d + 19. Is c(-10) a composite number?
False
Suppose 40*m - 39*m = -4. Is -1*(-1348)/4 + m/(-1) composite?
True
Let n = -45 + 15. Let s be (-30)/4 - 15/n. Let x(g) = -21*g + 16. Is x(s) composite?
False
Suppose -4*p + 4 = 3*u, 4*u + 2 - 28 = 5*p. Let z = -301 + 47. Is z*(-2)/u*1 prime?
True
Let f(g) = g**2 - 4*g + 2653. Let a be f(0). Let n = -812 + a. Is n composite?
True
Let s = -217 - -434. Let b be (-639)/5 - (-4)/(-100)*5. Let d = s + b. Is d a prime number?
True
Suppose 0*w - 3*w - 3*n + 465 = 0, 3*w + 5*n - 461 = 0. Suppose 0*m = -m + w. Is m composite?
False
Is (-8)/(-14) - (-866500)/28 prime?
False
Let w(p) = 16*p**3 - 5*p + 4. Let o(k) = -k**2 + 5*k - 1. Let f be o(2). Is w(f) a composite number?
False
Suppose -195220 = -3*c + 118589. Is c a prime number?
False
Let f be (-5 - (-5 + 2))*-1191. Let t = 4196 - f. Is t a composite number?
True
Let h(l) = 3720*l**3 + 4*l - 2. Is h(1) a composite number?
True
Suppose 3*y + 17 = 32. Suppose -2 = -6*p + y*p. Suppose -4*n + 1820 = 4*t, -n = 4*t + p*n - 1816. Is t a prime number?
False
Let t(a) = 1867*a**2 + 16*a + 22. Is t(5) a composite number?
True
Let c = -420 + 298. Let a be (-18)/(-12)*c/(-1). Suppose -4*f = -a + 27. Is f composite?
True
Suppose -4 = -5*r - 3*q, 2*r + q = 4*r - 6. Suppose 3*c + 2*z = 12, r*c + 1 = c + z. Suppose 2*l + 0*y = -2*y + 1472, 1463 = c*l + 5*y. Is l prime?
True
Suppose -5*x = -3*n + 179, 0 = -n - 5*x + 2*x + 41. Is n composite?
False
Let b(o) be the first derivative of 0*o**2 + 6*o**2 + o + 3*o**2 + 6 - 2. Is b(7) composite?
False
Let i(w) = 10*w**2. Let c be i(-1). Suppose -525 = -4*g - 2*z + 499, 0 = 5*z + c. Is g a prime number?
True
Let g(z) = 15*z**3 - z**2 + 13*z - 62. Is g(9) a composite number?
False
Let b(i) = 22*i + 12. Suppose 4*h - 35 = -h. Is b(h) a composite number?
True
Suppose -253 = -6*w + 5*w. Is w composite?
True
Let b(m) = m**3 + 6*m**2 + 4*m - 2. Let x be b(-4). Suppose -21*q + 96 = -17*q. Suppose x + q = 2*y. Is y a composite number?
False
Let c be (-2)/10 - ((-56988)/15)/6. Suppose u = 338 + c. Is u prime?
True
Let t(d) = 832*d + 17. Is t(5) a prime number?
True
Suppose -18737 = -6*d + 12625. Is d prime?
True
Suppose -2*r + 6*r + 388 = 0. Let b = 300 - r. Is b a prime number?
True
Let o be (-149)/(5 - (-64)/(-12)). Suppose 0 = -4*f + 2011 - o. Is f prime?
False
Let z(o) = -1092*o + 547. Is z(-5) a composite number?
False
Suppose -8*q + 11*q = 2151. Let u = q - 350. Is u a prime number?
True
Let n(m) = m + 1. Let s be n(3). Let t be (s + 3)/(4/(-320)). Let d = -141 - t. Is d a composite number?
False
Is 2367224/112 - -7 - 1/(-14) composite?
False
Let x = 6 + -1. Suppose -20 = -x*u - 5. Suppose -u*q = 0, 415 = 3*i + 2*i + 5*q. Is i a composite number?
False
Let j(w) = -3*w**3 - w**2 - 2. Let d be j(-2). Let z be (24/d)/(2/(-45)). Let a = z - -41. Is a a composite number?
False
Let f(c) = -21*c + 6469. Is f(0) prime?
True
Let g(n) = -425*n + 61. Is g(-24) prime?
False
Suppose 0 = -4*n + 15832 + 19716. Is n prime?
True
Let c be 5 - (4 + (-4 - -5)). Is 2 - 3 - c - -390 a prime number?
True
Let s be (-20316)/(-42) - (-10)/35. Let f(h) = h**3 + 7*h**2 - 8*h + 5. Let j be f(-8). Suppose -j*b = -b - s. Is b composite?
True
Let c = -14 + 23. Suppose -5*b = 5*z - 10, 3*z + 20 = 4*b - c. Suppose b*m - 83 + 798 = 5*x, 5*m = 4*x - 570. Is x composite?
True
Is 9978 - (6 - 2) - -3 a prime number?
False
Suppose -2*m + 2615 + 1848 = -5*f, -5*m - 2684 = 3*f. Let p = 230 - f. Is p prime?
True
Suppose -3*u + 0*w - 3*w = -3330, -12 = -4*w. Suppose -311 = 4